{"id":245,"date":"2013-06-06T19:08:42","date_gmt":"2013-06-06T17:08:42","guid":{"rendered":"http:\/\/ecrire-coach.biographe-valeriejean.fr?page_id=245"},"modified":"2013-06-06T19:08:42","modified_gmt":"2013-06-06T17:08:42","slug":"mes-publications","status":"publish","type":"page","link":"https:\/\/ecrire-coach.biographe-valeriejean.fr\/?page_id=245","title":{"rendered":"Mes publications"},"content":{"rendered":"<p>Vous trouverez dans cette rubrique les publications, que j&rsquo;ai \u00e9t\u00e9 amen\u00e9e \u00e0 produire pendant toute ma carri\u00e8re dans l&rsquo;animation socio-culturelle, comme productrice d&rsquo;atelier d&rsquo;\u00e9criture ou comme \u00e9crivain&#8230;bref ma vie en temps qu&rsquo;auteur&#8230;.<\/p>\n<p>Comme le sablier du temps qui s&rsquo;\u00e9coule du haut vers le bas, je pr\u00e9senterai mes productions de la\u00a0 plus r\u00e9cente \u00e0 la plus ancienne&#8230;..C&rsquo;est un r\u00e9capitulatif et pour certains textes vous pouvez vous reporter \u00e0 des pages plus d\u00e9taill\u00e9es sur ce site<\/p>\n<p><strong>Mai 2013<\/strong> <a title=\"&quot;Lettres \u00e0 mon fils- La force de l'amour&quot;\" href=\"http:\/\/ecrire-coach.biographe-valeriejean.frmes-publications\/edition-de-mon-dernier-livre-lettres-a-mon-fils-la-force-de-lamour\/\">\u00ab\u00a0Lettres \u00e0 mon fils- La force de l&rsquo;amour-\u00ab\u00a0<\/a><\/p>\n<p>Edition Scripta \u00a0<a href=\"http:\/\/ecrire-coach.biographe-valeriejean.fr\/wp-content\/uploads\/2013\/04\/COUVERTURE-LIVRE-chaise.jpg\"><img loading=\"lazy\" decoding=\"async\" class=\"aligncenter wp-image-79 size-medium\" src=\"http:\/\/ecrire-coach.biographe-valeriejean.fr\/wp-content\/uploads\/2013\/04\/COUVERTURE-LIVRE-chaise-211x300.jpg\" alt=\"valerie jean, ecrivain biographe\" width=\"211\" height=\"300\" \/><\/a><\/p>\n\n\n<h2 class=\"wp-block-heading\"><\/h2>\n","protected":false},"excerpt":{"rendered":"<p>Vous trouverez dans cette rubrique les publications, que j&rsquo;ai \u00e9t\u00e9 amen\u00e9e \u00e0 produire pendant toute ma carri\u00e8re dans l&rsquo;animation socio-culturelle, comme productrice d&rsquo;atelier d&rsquo;\u00e9criture ou comme \u00e9crivain&#8230;bref ma vie en temps qu&rsquo;auteur&#8230;. Comme le sablier du temps qui s&rsquo;\u00e9coule du haut vers le bas, je pr\u00e9senterai mes productions de la\u00a0 plus r\u00e9cente \u00e0 la plus &hellip; <a href=\"https:\/\/ecrire-coach.biographe-valeriejean.fr\/?page_id=245\" class=\"more-link\">Continuer la lecture de <span class=\"screen-reader-text\">Mes publications<\/span>  <span class=\"meta-nav\">&rarr;<\/span><\/a><\/p>\n","protected":false},"author":1,"featured_media":79,"parent":0,"menu_order":0,"comment_status":"open","ping_status":"open","template":"","meta":{"footnotes":""},"class_list":["post-245","page","type-page","status-publish","has-post-thumbnail","hentry"],"aioseo_notices":[],"_links":{"self":[{"href":"https:\/\/ecrire-coach.biographe-valeriejean.fr\/index.php?rest_route=\/wp\/v2\/pages\/245","targetHints":{"allow":["GET"]}}],"collection":[{"href":"https:\/\/ecrire-coach.biographe-valeriejean.fr\/index.php?rest_route=\/wp\/v2\/pages"}],"about":[{"href":"https:\/\/ecrire-coach.biographe-valeriejean.fr\/index.php?rest_route=\/wp\/v2\/types\/page"}],"author":[{"embeddable":true,"href":"https:\/\/ecrire-coach.biographe-valeriejean.fr\/index.php?rest_route=\/wp\/v2\/users\/1"}],"replies":[{"embeddable":true,"href":"https:\/\/ecrire-coach.biographe-valeriejean.fr\/index.php?rest_route=%2Fwp%2Fv2%2Fcomments&post=245"}],"version-history":[{"count":0,"href":"https:\/\/ecrire-coach.biographe-valeriejean.fr\/index.php?rest_route=\/wp\/v2\/pages\/245\/revisions"}],"wp:featuredmedia":[{"embeddable":true,"href":"https:\/\/ecrire-coach.biographe-valeriejean.fr\/index.php?rest_route=\/wp\/v2\/media\/79"}],"wp:attachment":[{"href":"https:\/\/ecrire-coach.biographe-valeriejean.fr\/index.php?rest_route=%2Fwp%2Fv2%2Fmedia&parent=245"}],"curies":[{"name":"wp","href":"https:\/\/api.w.org\/{rel}","templated":true}]}}

<p>Vous trouverez dans cette rubrique les publications, que j&rsquo;ai été amenée à produire pendant toute ma carrière dans l&rsquo;animation socio-culturelle, comme productrice d&rsquo;atelier d&rsquo;écriture ou comme écrivain&#8230;bref ma vie en temps qu&rsquo;auteur&#8230;.</p>
<p>Comme le sablier du temps qui s&rsquo;écoule du haut vers le bas, je présenterai mes productions de la  plus récente à la plus ancienne&#8230;..C&rsquo;est un récapitulatif et pour certains textes vous pouvez vous reporter à des pages plus détaillées sur ce site</p>
<p><strong>Mai 2013</strong> <a title="&quot;Lettres à mon fils- La force de l'amour&quot;" href="http://ecrire-coach.biographe-valeriejean.frmes-publications/edition-de-mon-dernier-livre-lettres-a-mon-fils-la-force-de-lamour/">« Lettres à mon fils- La force de l&rsquo;amour-« </a></p>
<p>Edition Scripta  <a href="http://ecrire-coach.biographe-valeriejean.fr/wp-content/uploads/2013/04/COUVERTURE-LIVRE-chaise.jpg"><img loading="lazy" decoding="async" class="aligncenter wp-image-79 size-medium" src="http://ecrire-coach.biographe-valeriejean.fr/wp-content/uploads/2013/04/COUVERTURE-LIVRE-chaise-211x300.jpg" alt="valerie jean, ecrivain biographe" width="211" height="300" /></a></p>


<h2 class="wp-block-heading"></h2>

<p>Vous trouverez dans cette rubrique les publications, que j&rsquo;ai été amenée à produire pendant toute ma carrière dans l&rsquo;animation socio-culturelle, comme productrice d&rsquo;atelier d&rsquo;écriture ou comme écrivain&#8230;bref ma vie en temps qu&rsquo;auteur&#8230;. Comme le sablier du temps qui s&rsquo;écoule du haut vers le bas, je présenterai mes productions de la  plus récente à la plus &hellip; <a href="https://ecrire-coach.biographe-valeriejean.fr/?page_id=245" class="more-link">Continuer la lecture de <span class="screen-reader-text">Mes publications</span>  <span class="meta-nav">&rarr;</span></a></p>
