{"id":322,"date":"2013-06-25T20:47:37","date_gmt":"2013-06-25T18:47:37","guid":{"rendered":"http:\/\/ecrire-coach.biographe-valeriejean.fr?page_id=322"},"modified":"2013-06-25T20:47:37","modified_gmt":"2013-06-25T18:47:37","slug":"mes-coups-de-pinceaux","status":"publish","type":"page","link":"https:\/\/ecrire-coach.biographe-valeriejean.fr\/?page_id=322","title":{"rendered":"Mes coups de pinceaux"},"content":{"rendered":"<h1>Quel moyen a-t-on de s&rsquo;exprimer?<\/h1>\n<p>Et \u00e0 quelle fin.<\/p>\n<h2>La peinture et le dessin, l&rsquo;art de la libert\u00e9<\/h2>\n<p style=\"text-align: justify;\">Pour ma part mon premier <strong>canal d&rsquo;expression<\/strong>, outre le langage que l&rsquo;on apprend de toute fa\u00e7on, a \u00e9t\u00e9 la danse. C&rsquo;est le corps qui me permettait de d\u00e9crire mes \u00e9motions, puis tr\u00e8s vite le th\u00e9\u00e2tre par le biais de petits spectacles o\u00f9 <strong>je rendais compte de mon imaginaire<\/strong> et enfin <strong>la peinture source in\u00e9puisable pour inventer <\/strong>et jouer avec les couleurs, les formes, la mati\u00e8re.<\/p>\n<p style=\"text-align: justify;\">Passant par tous supports j&rsquo;ai fait du pastel, de l&rsquo;aquarelle de l&rsquo;huile..au gr\u00e9 de mes envies, de mani\u00e8re compl\u00e8tement autodidacte. Quelquefois je croquais des paysages, des maisons au crayon pour les remodeler chez moi au calme. Quelquefois des corps transcend\u00e9s par une harmonie de couleurs \u00e9clatantes pour figurer la force la vie. D&rsquo;autres fois encore, je me laissais aller \u00e0 un imaginaire d\u00e9bordant, retenu par mon incomp\u00e9tence, car disons le, je ne suis qu&rsquo;une m\u00e9diocre peinturlureuse. Mais qu&rsquo;importe, <strong>je me plais \u00e0 cr\u00e9er pour moi<\/strong>, sans pr\u00e9tendre aller au del\u00e0 du <strong>plaisir de peindre.<\/strong><\/p>\n<p style=\"text-align: justify;\">Si je vous les pr\u00e9sente aujourd&rsquo;hui, c&rsquo;est pour vous convaincre que <strong>sans aucun talent,<\/strong> vous pouvez <strong>acc\u00e9der au plaisir de cr\u00e9er<\/strong> une oeuvre originale qui vous appartient, que vous avez \u00e9t\u00e9 <strong>capable de vous exprimer<\/strong> sans craindre de produire un tableau qui ne provoque pas l&rsquo;admiration mais le respect d&rsquo;<strong>avoir os\u00e9 produire<\/strong> .<\/p>\n<p style=\"text-align: center;\"><a href=\"http:\/\/ecrire-coach.biographe-valeriejean.fr\/wp-content\/uploads\/2013\/06\/Le-clown-Nicolo-e1524837527220.jpg\"><img loading=\"lazy\" decoding=\"async\" class=\"aligncenter wp-image-2230 size-full\" src=\"http:\/\/ecrire-coach.biographe-valeriejean.fr\/wp-content\/uploads\/2013\/06\/Le-clown-Nicolo-e1524837527220.jpg\" alt=\"peinture-valerie jean\" width=\"600\" height=\"800\" \/><\/a><\/p>\n<p style=\"text-align: center;\"><span style=\"color: #ff0000;\"><em><strong>L&rsquo;homme au saxo: huile sur toile r\u00e9alis\u00e9e au couteau<br \/>\n<\/strong><\/em><\/span>Un saxophone tortur\u00e9 que ce clown utilise pour remplir de ga\u00eet\u00e9<\/p>\n<p style=\"text-align: center;\"><a href=\"http:\/\/ecrire-coach.biographe-valeriejean.fr\/wp-content\/uploads\/2013\/06\/La-balle-de-la-vie-e1524837749628.jpg\"><img loading=\"lazy\" decoding=\"async\" class=\"aligncenter wp-image-2231 size-full\" src=\"http:\/\/ecrire-coach.biographe-valeriejean.fr\/wp-content\/uploads\/2013\/06\/La-balle-de-la-vie-e1524837749628.jpg\" alt=\"balle de la vie-valerie jean\" width=\"600\" height=\"800\" \/><\/a><\/p>\n<p style=\"text-align: center;\"><span style=\"color: #ff0000;\"><em><strong>La balle de la vie: Huile sur toile au pinceau.<br \/>\n<\/strong><\/em><\/span>Repr\u00e9senter l&rsquo;insouciance de l&rsquo;espace de bonheur et de voir passer les petits instants de libert\u00e9 comme une balle qu&rsquo;on regarde filer au fil de l&rsquo;eau<\/p>\n<p style=\"text-align: center;\"><a href=\"http:\/\/ecrire-coach.biographe-valeriejean.fr\/wp-content\/uploads\/2013\/06\/IMGP1366.jpg\"><img loading=\"lazy\" decoding=\"async\" class=\"aligncenter wp-image-328 size-full\" src=\"http:\/\/ecrire-coach.biographe-valeriejean.fr\/wp-content\/uploads\/2013\/06\/IMGP1366.jpg\" alt=\"La Cl\u00e8re, Noirmoutier\" width=\"709\" height=\"531\" \/><\/a><\/p>\n<p><em><span style=\"color: #ff0000;\"><strong>La cl\u00e8re: Huile sur carton au pinceau recompos\u00e9e d&rsquo;apr\u00e8s crayon.<br \/>\n<\/strong><\/span><\/em>Une superbe maison plant\u00e9e de toute son arrogance sur la plage<\/p>\n<p style=\"text-align: center;\">\u00a0<a href=\"http:\/\/ecrire-coach.biographe-valeriejean.fr\/wp-content\/uploads\/2013\/06\/IMGP1818.jpg\"><img loading=\"lazy\" decoding=\"async\" class=\"wp-image-330 aligncenter\" src=\"http:\/\/ecrire-coach.biographe-valeriejean.fr\/wp-content\/uploads\/2013\/06\/IMGP1818-225x300.jpg\" alt=\"dauphin, pastel\" width=\"225\" height=\"300\" \/><\/a><\/p>\n<p style=\"text-align: center;\"><span style=\"color: #000000;\"><span style=\"color: #ff0000;\"><em><strong>Le dauphin: Papier pastel sec<\/strong> <\/em><\/span><br \/>\nUn instant de partage avec mon fils qui dessinait une raie manta quand je dessinais un dauphin<\/span><\/p>\n<p style=\"text-align: center;\">\u00a0<a href=\"http:\/\/ecrire-coach.biographe-valeriejean.fr\/wp-content\/uploads\/2013\/06\/cimetie\u0300re-bateau-web.jpg\"><img loading=\"lazy\" decoding=\"async\" class=\"aligncenter wp-image-331 size-full\" src=\"http:\/\/ecrire-coach.biographe-valeriejean.fr\/wp-content\/uploads\/2013\/06\/cimetie\u0300re-bateau-web.jpg\" alt=\"cimeti\u00e8re de bateaux, Noirmoutier, pastel sec\" width=\"709\" height=\"945\" \/><\/a><\/p>\n<p style=\"text-align: center;\"><span style=\"color: #000000;\"><em><span style=\"color: #ff0000;\"><strong>Cimeti\u00e8re de bateaux: Pastel sec sur papier<br \/>\n<\/strong><\/span><\/em><\/span>Le cimeti\u00e8re des bateaux carcasses oubli\u00e9es qui n&rsquo;en finissent pas d&rsquo;agoniser r\u00e9v\u00e9lant la m\u00e9moire perdue des marins.<\/p>\n<p style=\"text-align: center;\">\u00a0<a href=\"http:\/\/ecrire-coach.biographe-valeriejean.fr\/wp-content\/uploads\/2013\/06\/Moulins-gue\u0301rinie\u0300re.jpg\"><img loading=\"lazy\" decoding=\"async\" class=\"aligncenter wp-image-333 size-full\" src=\"http:\/\/ecrire-coach.biographe-valeriejean.fr\/wp-content\/uploads\/2013\/06\/Moulins-gue\u0301rinie\u0300re.jpg\" alt=\"Moulins Gu\u00e9rini\u00e8re, Noirmoutier, Aquarelle\" width=\"1134\" height=\"850\" \/><\/a><\/p>\n<p style=\"text-align: center;\"><em><span style=\"color: #ff0000;\"><strong>Moulins de la Gu\u00e9rini\u00e8re: Aquarelle sur papier<br \/>\n<\/strong><\/span><\/em>T\u00e9moins du dur labeur des hommes quand trois moulins r\u00e9sistaient face aux vents d&rsquo;ouest.<\/p>\n<p style=\"text-align: center;\">\u00a0<a href=\"http:\/\/ecrire-coach.biographe-valeriejean.fr\/wp-content\/uploads\/2013\/06\/paysage-aux-mains.jpg\"><img loading=\"lazy\" decoding=\"async\" class=\"size-medium wp-image-334 aligncenter\" src=\"http:\/\/ecrire-coach.biographe-valeriejean.fr\/wp-content\/uploads\/2013\/06\/paysage-aux-mains-300x224.jpg\" alt=\"pastel, mains\" width=\"300\" height=\"224\" \/><\/a><\/p>\n<p>&nbsp;<\/p>\n<p style=\"text-align: center;\"><em><span style=\"color: #ff0000;\"><strong>Paysage aux mains: Pastel sec sur papier<br \/>\n<\/strong><span style=\"color: #000000;\">Un d\u00e9lire color\u00e9, dont le symbolisme est la fraternit\u00e9 entre les hommes<\/span><strong><br \/>\n<\/strong><\/span><\/em><\/p>\n<p style=\"text-align: center;\">\u00a0<a href=\"http:\/\/ecrire-coach.biographe-valeriejean.fr\/wp-content\/uploads\/2013\/06\/gestation.jpg\"><img loading=\"lazy\" decoding=\"async\" class=\"size-medium wp-image-335 aligncenter\" src=\"http:\/\/ecrire-coach.biographe-valeriejean.fr\/wp-content\/uploads\/2013\/06\/gestation-225x300.jpg\" alt=\"gestation, huile au couteau\" width=\"225\" height=\"300\" \/><\/a><\/p>\n<p style=\"text-align: center;\"><span style=\"color: #ff0000;\"><em><strong>Gestation: Huile sur toile pinceaux et couteaux<br \/>\n<\/strong><\/em><\/span>Quand j&rsquo;ai peint ce tableau, il \u00e9tait renvers\u00e9. Bien des ann\u00e9es apr\u00e8s, je l&rsquo;ai repris, je l&rsquo;ai retourn\u00e9 voyant plus clairement l&rsquo;enfant nich\u00e9 dans le ventre de sa m\u00e8re tendue d&rsquo;une robe rouge.<\/p>\n<p style=\"text-align: center;\">\u00a0<a href=\"http:\/\/ecrire-coach.biographe-valeriejean.fr\/wp-content\/uploads\/2013\/06\/Maison-en-hiverweb.jpg\"><img loading=\"lazy\" decoding=\"async\" class=\"size-medium wp-image-332 aligncenter\" src=\"http:\/\/ecrire-coach.biographe-valeriejean.fr\/wp-content\/uploads\/2013\/06\/Maison-en-hiverweb-225x300.jpg\" alt=\"Maison en hiver\" width=\"225\" height=\"300\" \/><\/a><\/p>\n<p style=\"text-align: center;\"><em><span style=\"color: #ff0000;\"><strong>Maison en hiver: Aquarelle sur papier<br \/>\n<\/strong><\/span><\/em> Premier dessin, copie d&rsquo;une illustration<\/p>\n<p style=\"text-align: center;\">\u00a0<a href=\"http:\/\/ecrire-coach.biographe-valeriejean.fr\/wp-content\/uploads\/2013\/06\/Garc\u0327on-au-chapeau-de-paille.jpg\"><img loading=\"lazy\" decoding=\"async\" class=\"aligncenter wp-image-2234 size-full\" src=\"http:\/\/ecrire-coach.biographe-valeriejean.fr\/wp-content\/uploads\/2013\/06\/Garc\u0327on-au-chapeau-de-paille.jpg\" alt=\"gar\u00e7on au chapeau de paille-huile\" width=\"400\" height=\"535\" \/><\/a><\/p>\n<p style=\"text-align: center;\"><em><span style=\"color: #ff0000;\"><strong>Le petit gar\u00e7on au chapeau de paille. Huile sur toile et couteau<br \/>\n<\/strong><\/span><span style=\"color: #000000;\">Inspir\u00e9e par mon fils qui jouait dans le jardin <strong><br \/>\n<\/strong><\/span><\/em><\/p>\n<p style=\"text-align: center;\">\u00a0<a href=\"http:\/\/ecrire-coach.biographe-valeriejean.fr\/wp-content\/uploads\/2013\/06\/Amoureux-au-bain.jpg\"><img loading=\"lazy\" decoding=\"async\" class=\"aligncenter wp-image-2233 size-full\" src=\"http:\/\/ecrire-coach.biographe-valeriejean.fr\/wp-content\/uploads\/2013\/06\/Amoureux-au-bain.jpg\" alt=\"amoureux au bain-pastel\" width=\"600\" height=\"800\" \/><\/a><\/p>\n<p style=\"text-align: center;\"><span style=\"color: #ff0000;\"><em><strong>La femme au bain, Pastel sur carton<br \/>\n<\/strong><span style=\"color: #000000;\">La d\u00e9votion toute sexuelle que l&rsquo;homme peut prodiguer \u00e0 une femme<\/span><strong><br \/>\n<a href=\"http:\/\/ecrire-coach.biographe-valeriejean.fr\/wp-content\/uploads\/2013\/06\/Orgasme.jpg\"><img loading=\"lazy\" decoding=\"async\" class=\"aligncenter wp-image-2236 size-full\" src=\"http:\/\/ecrire-coach.biographe-valeriejean.fr\/wp-content\/uploads\/2013\/06\/Orgasme.jpg\" alt=\"huile sur toile-orgasme\" width=\"400\" height=\"580\" \/><\/a><\/strong><\/em><\/span><\/p>\n<p style=\"text-align: center;\"><span style=\"color: #ff0000;\"><em><strong>La fusion de l&rsquo;amour, Huile sur toile, pinceau<br \/>\n<\/strong><span style=\"color: #000000;\">L&rsquo;explosion \u00e9motionnelle et charnelle de l&rsquo;orgasme<\/span><strong><br \/>\n<\/strong><\/em><\/span><\/p>\n<p style=\"text-align: center;\">\u00a0<a href=\"http:\/\/ecrire-coach.biographe-valeriejean.fr\/wp-content\/uploads\/2013\/06\/couple-adulte\u0300re.jpeg\"><img loading=\"lazy\" decoding=\"async\" class=\"aligncenter wp-image-2235 size-full\" src=\"http:\/\/ecrire-coach.biographe-valeriejean.fr\/wp-content\/uploads\/2013\/06\/couple-adulte\u0300re.jpeg\" alt=\"couple adult\u00e8re-huile\" width=\"400\" height=\"502\" \/><\/a><\/p>\n<p style=\"text-align: center;\"><span style=\"color: #ff0000;\"><em><strong>L&rsquo;amour adult\u00e8re, huile sur toile, pinceau<br \/>\n<\/strong><span style=\"color: #000000;\">L&rsquo;amour adult\u00e8re ou impossible, l&rsquo;ombre de l&rsquo;autre, celui qui veut savoir<\/span><strong><br \/>\n<\/strong><\/em><\/span><\/p>\n<p>Que ce soit pour reproduire la beaut\u00e9 du paysage, d&rsquo;un objet, la force d&rsquo;un sentiment, les affres ou les angoisses&#8230;.<\/p>\n<p>Ne tergiversez plus. <strong>Osez, prenez un crayon, et lancez vous dans ce plaisir silencieux,<\/strong> laissez votre main modeler votre imaginaire&#8230;<br \/>\n<strong>Partez , voyagez, cr\u00e9ez en toute libert\u00e9.<\/strong><\/p>\n<p><a href=\"http:\/\/ecrire-coach.biographe-valeriejean.fr\/wp-content\/uploads\/2013\/06\/common-right.png\"><img loading=\"lazy\" decoding=\"async\" class=\"size-full wp-image-2232 alignleft\" src=\"http:\/\/ecrire-coach.biographe-valeriejean.fr\/wp-content\/uploads\/2013\/06\/common-right.png\" alt=\"common right\" width=\"88\" height=\"31\" \/><\/a>Ce(tte) \u0153uvre est mise \u00e0 disposition selon les termes de la <a href=\"http:\/\/creativecommons.org\/licenses\/by-nc-nd\/2.0\/fr\/\" rel=\"license\">Licence Creative Commons Attribution \u2013 Pas d\u2019Utilisation Commerciale \u2013 Pas de Modification 2.0 France<\/a>.<\/p>\n","protected":false},"excerpt":{"rendered":"<p>Quel moyen a-t-on de s&rsquo;exprimer? Et \u00e0 quelle fin. La peinture et le dessin, l&rsquo;art de la libert\u00e9 Pour ma part mon premier canal d&rsquo;expression, outre le langage que l&rsquo;on apprend de toute fa\u00e7on, a \u00e9t\u00e9 la danse. C&rsquo;est le corps qui me permettait de d\u00e9crire mes \u00e9motions, puis tr\u00e8s vite le th\u00e9\u00e2tre par le &hellip; <a href=\"https:\/\/ecrire-coach.biographe-valeriejean.fr\/?page_id=322\" class=\"more-link\">Continuer la lecture de <span class=\"screen-reader-text\">Mes coups de pinceaux<\/span>  <span class=\"meta-nav\">&rarr;<\/span><\/a><\/p>\n","protected":false},"author":1,"featured_media":339,"parent":122,"menu_order":0,"comment_status":"open","ping_status":"open","template":"","meta":{"footnotes":""},"class_list":["post-322","page","type-page","status-publish","has-post-thumbnail","hentry"],"aioseo_notices":[],"_links":{"self":[{"href":"https:\/\/ecrire-coach.biographe-valeriejean.fr\/index.php?rest_route=\/wp\/v2\/pages\/322","targetHints":{"allow":["GET"]}}],"collection":[{"href":"https:\/\/ecrire-coach.biographe-valeriejean.fr\/index.php?rest_route=\/wp\/v2\/pages"}],"about":[{"href":"https:\/\/ecrire-coach.biographe-valeriejean.fr\/index.php?rest_route=\/wp\/v2\/types\/page"}],"author":[{"embeddable":true,"href":"https:\/\/ecrire-coach.biographe-valeriejean.fr\/index.php?rest_route=\/wp\/v2\/users\/1"}],"replies":[{"embeddable":true,"href":"https:\/\/ecrire-coach.biographe-valeriejean.fr\/index.php?rest_route=%2Fwp%2Fv2%2Fcomments&post=322"}],"version-history":[{"count":0,"href":"https:\/\/ecrire-coach.biographe-valeriejean.fr\/index.php?rest_route=\/wp\/v2\/pages\/322\/revisions"}],"up":[{"embeddable":true,"href":"https:\/\/ecrire-coach.biographe-valeriejean.fr\/index.php?rest_route=\/wp\/v2\/pages\/122"}],"wp:featuredmedia":[{"embeddable":true,"href":"https:\/\/ecrire-coach.biographe-valeriejean.fr\/index.php?rest_route=\/wp\/v2\/media\/339"}],"wp:attachment":[{"href":"https:\/\/ecrire-coach.biographe-valeriejean.fr\/index.php?rest_route=%2Fwp%2Fv2%2Fmedia&parent=322"}],"curies":[{"name":"wp","href":"https:\/\/api.w.org\/{rel}","templated":true}]}}