{"id":78,"date":"2013-04-19T18:53:32","date_gmt":"2013-04-19T16:53:32","guid":{"rendered":"http:\/\/ecrire-coach.biographe-valeriejean.fr?page_id=78"},"modified":"2013-04-19T18:53:32","modified_gmt":"2013-04-19T16:53:32","slug":"edition-de-mon-dernier-livre-lettres-a-mon-fils-la-force-de-lamour","status":"publish","type":"page","link":"https:\/\/ecrire-coach.biographe-valeriejean.fr\/?page_id=78","title":{"rendered":"Edition de mon dernier livre \u00ab\u00a0Lettres \u00e0 mon fils- La force de l&rsquo;amour\u00a0\u00bb"},"content":{"rendered":"<h1>\u00ab\u00a0Lettres \u00e0 mon fils-La force de l&rsquo;amour\u00a0\u00bb<\/h1>\n<p>Livre \u00e9dit\u00e9 aux Editions Scripta\u00a0\u00a0 <a href=\"http:\/\/editions-scripta.com\/\">http:\/\/editions-scripta.com\/<\/a><\/p>\n<p><a href=\"http:\/\/ecrire-coach.biographe-valeriejean.fr\/wp-content\/uploads\/2013\/04\/COUVERTURE-LIVRE-chaise.jpg\"><img loading=\"lazy\" decoding=\"async\" class=\"aligncenter size-medium wp-image-79\" src=\"http:\/\/ecrire-coach.biographe-valeriejean.fr\/wp-content\/uploads\/2013\/04\/COUVERTURE-LIVRE-chaise-211x300.jpg\" alt=\"valerie jean, ecrivain biographe\" width=\"211\" height=\"300\" \/><\/a><\/p>\n<p style=\"text-align: center;\"><span style=\"color: #800080;\">QUATRI\u00c8ME DE COUVERTURE<\/span><\/p>\n<p style=\"text-align: justify;\">Quand la mort a fauch\u00e9 Pierre, j\u2019\u00e9tais d\u00e9j\u00e0 dans l\u2019<a href=\"http:\/\/www.biographe-valeriejean.fr\">\u00e9criture<\/a>. De multiples voies s\u2019\u00e9taient ouvertes \u00e0 moi pour coucher sur le papier mes sentiments, mes r\u00e9flexions, mon imaginaire.<\/p>\n<p style=\"text-align: justify;\">Aussi c\u2019est de mani\u00e8re naturelle que j\u2019ai repris la plume pour me vider de toutes mes pens\u00e9es pendant la p\u00e9riode de deuil de mon fils.<\/p>\n<p style=\"text-align: justify;\">Le <a href=\"http:\/\/ecrire-coach.biographe-valeriejean.fr\/category\/journal-autobiographique\/\">journal<\/a> devient votre ami, il vous relie \u00e0 l\u2019\u00eatre aim\u00e9, il donne un nouveau sens \u00e0 votre vie car petit \u00e0 petit il vous oblige \u00e0 penser votre existence autrement que dans le silence.<\/p>\n<p style=\"text-align: justify;\">Ce livre est \u00e9dit\u00e9 \u00e0 l\u2019occasion de l\u2019anniversaire des 10 ans de la mort de Pierre.<\/p>\n<p style=\"text-align: justify;\"><a href=\"http:\/\/www.reynald-roussel.eu\/\">Reynald Roussel<\/a>, c\u00e9l\u00e8bre m\u00e9dium, m\u2019a dit lors d\u2019une s\u00e9ance \u00ab\u00a0<i>Vous \u00e9crivez madame, il <\/i><i>faut continuer c\u2019est important de poursuivre et d\u2019aller au bout pour t\u00e9moigner pour les autres parents.\u00a0\u00bb<\/i><\/p>\n<p style=\"text-align: justify;\">Je le remercie ici de m\u2019avoir fait rena\u00eetre \u00e0 l\u2019espoir, de m\u2019avoir donn\u00e9 des \u00e9l\u00e9ments tangibles de l\u2019existence de la vie dans l\u2019au del\u00e0, d\u2019une mani\u00e8re simple et g\u00e9n\u00e9reuse.<\/p>\n<h2 style=\"text-align: center;\"><span style=\"color: #800080;\">T\u00e9moignages de certains clients ou lecteurs du livre<\/span><\/h2>\n<h2 style=\"text-align: center;\"><span style=\"color: #800080;\"> \u00ab\u00a0Lettres \u00e0 mon fils- la force cach\u00e9e de l&rsquo;amour\u00a0\u00bb<br \/>\n<\/span><\/h2>\n<p style=\"text-align: justify;\">Bonjour,ch\u00e8re Val\u00e9rie.<br \/>\nJe \u00a0t&rsquo;\u00e9cris pour te remercier de ton pr\u00e9cieux cadeau ,le livre de l&rsquo;amour. Je l&rsquo; ai lu et relu\u2026et je retrouve en lui mes pens\u00e9es les plus intimes, ma douleur, mes doutes, ma ignorance aussi \u2026et mon espoir. Tu m&rsquo;as fait repasser par tous les stades de mon deuil. Il y avait ce chemin \u00e0 parcourir\u2026.<br \/>\nLa perte d&rsquo;un \u00eatre cher cr\u00e9e un vide profond qui se remplace petit a petit par la paix et la compr\u00e9hension de l&rsquo;existence de l&rsquo; Amour Divin et de la Loi de l&rsquo; Univers.<br \/>\nBien s\u00fbr il faut beaucoup de temps et l&rsquo;aide des \u00eatre extraordinaires, les mediums. Ton livre est une th\u00e9rapie pour tout ceux qui sont pass\u00e9s par \u00a0l&rsquo; exp\u00e9rience de la Mort.<br \/>\nJ&rsquo;aimerais qu&rsquo;il soit traduit en plusieurs langues pour permettre aux gens en d\u00e9tresse de toutes les races et sur tous les continents,\u00a0 d&rsquo;ouvrir une nouvelle voie vers l&rsquo;existence de la vie d&rsquo;en Haut; pour qu&rsquo;ils puissent gr\u00e2ce \u00e0 ton livre se remettre, se construire et vivre en paix sur la Terre et rendre hommage \u00e0 leurs amours perdus\u2026<\/p>\n<p style=\"text-align: justify;\">Ton ange gardien,ti Pierre est un messager d&rsquo;Amour. Il est la Lumi\u00e8re qui a \u00e9clair\u00e9 ta vie et qui par son d\u00e9part pr\u00e9matur\u00e9 t &lsquo;a ouvert un autre chemin, celui de Dieu.<\/p>\n<p style=\"text-align: justify;\">Tu sais que dans l&rsquo;Univers le sens de la justice n&rsquo;est pas le m\u00eame que sur Terre. Il faut accepter\u00a0l&rsquo;inacceptable. Et ton chemin est un preuve\u00a0 que l&rsquo;Amour\u00a0 unit les deux mondes,visible et invisible.Tout est Amour.Dieu est Amour. Tu as fait un travail extraordinaire et admirable.Tes paroles sont justes, Valerie.<br \/>\nPour ceux qui vont lire ton livre, ton fils ch\u00e9ri deviendra un messager d&rsquo;espoir qui va \u00e9clairer leur conscience. Il aidera des gens \u00e0 se r\u00e9concilier avec la Mort et vivre enfin en paix apr\u00e8s tant d&rsquo;ann\u00e9es de t\u00e9n\u00e8bres.<br \/>\nTon livre bouleverse et rassure en m\u00eame temps, il montre que nos amours sont toujours avec nous. Ils nous guident, nous prot\u00e8gent, nous attendent\u2026.Merci, merci et encore merci ch\u00e8re Val\u00e9rie!Elena<\/p>\n<p style=\"text-align: justify;\"><span style=\"color: #993366;\">\u00ab\u00a0J\u2019ai lu votre livre avec beaucoup d\u2019int\u00e9r\u00eat et je me suis souvent sentie concern\u00e9e dans vos \u00e9motions et vos pens\u00e9es. J\u2019ai relev\u00e9 quelque chose page 124 de votre livre qui moi aussi m\u2019interpelle : \u00ab\u00a0mais peut \u00eatre n\u2019es tu plus Pierre, reli\u00e9 \u00e0 mon histoire mais un ange&#8230;..sans plus aucun lien avec nous.\u00a0\u00bbJe pense effectivement qu\u2019\u00e0 un certain moment de leur ascension, quelque chose d\u2019autre s\u2019ouvre \u00e0 eux, tout en ayant un oeil protecteur sur nos vies terrestres sem\u00e9es d\u2019emb\u00fbches. C\u2019est pourquoi nous nous devons d\u2019aller mieux de jour en jour, d\u2019ann\u00e9es en ann\u00e9es pour les lib\u00e9rer afin qu\u2019ils puissent vivre autre chose avec tout l\u2019amour qu\u2019ils ont en eux et qu\u2019ils nous envoient.\u00a0\u00bb Evelyne<\/span><\/p>\n<p style=\"text-align: justify;\">\u00a0\u00bb J&rsquo;ai beaucoup aim\u00e9 tes lettres \u00e0 Pierre. Merci Val\u00e9rie de les avoir publi\u00e9es, de ne pas nous laisser seuls. C&rsquo;est bien l&rsquo;expression de ta grande g\u00e9n\u00e9rosit\u00e9.\u00a0\u00bb No\u00eblle<\/p>\n<p style=\"text-align: justify;\"><span style=\"color: #993366;\">\u00ab\u00a0Vous nous avez fait le pr\u00e9cieux cadeau de \u00ab\u00a0Vos lettres \u00e0 Pierre\u00a0\u00bb. Tout naturellement apr\u00e8s les avoir lues, puis relues, nous \u00e9prouvons le besoin de revenir vers vous afin de vous dire notre admiration pour ce chemin si particulier, si singulier que vous parcourez. Oui nous savons que votre blessure demeure \u00e0 jamais. Votre fils Pierre vous a contrainte \u00e0 passer de la douleur de la chair \u00e0 la paix de l&rsquo;\u00e2me&#8230; Mais qui sommes nous pour d\u00e9couvrir et conna\u00eetre les innombrables liens qui vous unissent \u00e0 votre fils? Ces liens intimes, riches, denses, forts, d\u00e9licats et fragiles \u00e0 la fois, \u00e9tal\u00e9s et mis \u00e0 nus aux yeux de tous.<br \/>\nC&rsquo;est magnifique et g\u00e9n\u00e9reux de votre part de nous permettre de cerner votre peine, d&rsquo;identifier vos regrets, de d\u00e9couvrir vos doutes, d&rsquo;effleurer votre tendresse et surtout de voir exploser votre amour.<br \/>\nOui Val\u00e9rie nous entendons votre cri de rage, votre r\u00e9volte insupportable et votre amour incommensurable. \u00ab\u00a0Jean Claude et Danielle<\/span><\/p>\n<p style=\"text-align: justify;\"><a href=\"http:\/\/ecrire-coach.biographe-valeriejean.fr\/wp-content\/uploads\/2013\/04\/Pierre-songe-croix-dos-copie.jpg\"><img loading=\"lazy\" decoding=\"async\" class=\"aligncenter size-medium wp-image-2096\" src=\"http:\/\/ecrire-coach.biographe-valeriejean.fr\/wp-content\/uploads\/2013\/04\/Pierre-songe-croix-dos-copie-114x300.jpg\" alt=\"lettre \u00e0 mon fils-laforce de l'amour - Val\u00e9rie Jean\" width=\"114\" height=\"300\" \/><\/a><\/p>\n<p style=\"text-align: justify;\">Aquarelle r\u00e9alis\u00e9e par Nathalie Richard<\/p>\n<p style=\"text-align: justify;\">Le tableau de Pierre sur la couverture du livre a \u00e9t\u00e9 r\u00e9alis\u00e9 par:<br \/>\nJohn Abott, son site\u00a0 <a href=\"http:\/\/j-a-painter-artist.com\/\">http:\/\/j-a-painter-artist.com\/<\/a><\/p>\n","protected":false},"excerpt":{"rendered":"<p>\u00ab\u00a0Lettres \u00e0 mon fils-La force de l&rsquo;amour\u00a0\u00bb Livre \u00e9dit\u00e9 aux Editions Scripta\u00a0\u00a0 http:\/\/editions-scripta.com\/ QUATRI\u00c8ME DE COUVERTURE Quand la mort a fauch\u00e9 Pierre, j\u2019\u00e9tais d\u00e9j\u00e0 dans l\u2019\u00e9criture. De multiples voies s\u2019\u00e9taient ouvertes \u00e0 moi pour coucher sur le papier mes sentiments, mes r\u00e9flexions, mon imaginaire. Aussi c\u2019est de mani\u00e8re naturelle que j\u2019ai repris la plume pour &hellip; <a href=\"https:\/\/ecrire-coach.biographe-valeriejean.fr\/?page_id=78\" class=\"more-link\">Continuer la lecture de <span class=\"screen-reader-text\">Edition de mon dernier livre \u00ab\u00a0Lettres \u00e0 mon fils- La force de l&rsquo;amour\u00a0\u00bb<\/span>  <span class=\"meta-nav\">&rarr;<\/span><\/a><\/p>\n","protected":false},"author":1,"featured_media":0,"parent":245,"menu_order":0,"comment_status":"open","ping_status":"open","template":"","meta":{"footnotes":""},"class_list":["post-78","page","type-page","status-publish","hentry"],"aioseo_notices":[],"_links":{"self":[{"href":"https:\/\/ecrire-coach.biographe-valeriejean.fr\/index.php?rest_route=\/wp\/v2\/pages\/78","targetHints":{"allow":["GET"]}}],"collection":[{"href":"https:\/\/ecrire-coach.biographe-valeriejean.fr\/index.php?rest_route=\/wp\/v2\/pages"}],"about":[{"href":"https:\/\/ecrire-coach.biographe-valeriejean.fr\/index.php?rest_route=\/wp\/v2\/types\/page"}],"author":[{"embeddable":true,"href":"https:\/\/ecrire-coach.biographe-valeriejean.fr\/index.php?rest_route=\/wp\/v2\/users\/1"}],"replies":[{"embeddable":true,"href":"https:\/\/ecrire-coach.biographe-valeriejean.fr\/index.php?rest_route=%2Fwp%2Fv2%2Fcomments&post=78"}],"version-history":[{"count":0,"href":"https:\/\/ecrire-coach.biographe-valeriejean.fr\/index.php?rest_route=\/wp\/v2\/pages\/78\/revisions"}],"up":[{"embeddable":true,"href":"https:\/\/ecrire-coach.biographe-valeriejean.fr\/index.php?rest_route=\/wp\/v2\/pages\/245"}],"wp:attachment":[{"href":"https:\/\/ecrire-coach.biographe-valeriejean.fr\/index.php?rest_route=%2Fwp%2Fv2%2Fmedia&parent=78"}],"curies":[{"name":"wp","href":"https:\/\/api.w.org\/{rel}","templated":true}]}}